common factor of 829822 and 14.
14
Calculate the highest common factor of 27204320 and 820.
820
Calculate the greatest common divisor of 463296 and 1162050.
762
What is the greatest common factor of 19327 and 2014474?
77
Calculate the highest common divisor of 624 and 105498744.
312
Calculate the highest common divisor of 2554178 and 22.
22
What is the highest common factor of 1477875 and 10134?
1689
Calculate the greatest common factor of 4640 and 9286496.
928
Calculate the highest common divisor of 6548 and 2207749872.
6548
Calculate the highest common divisor of 141 and 38185996.
47
What is the greatest common factor of 129580 and 11858?
22
What is the highest common divisor of 977021592 and 1416?
1416
What is the highest common factor of 661527 and 75060?
27
What is the greatest common divisor of 17601 and 998581001?
5867
What is the highest common divisor of 287120 and 1759720?
1480
Calculate the greatest common divisor of 130 and 67375945.
65
What is the highest common divisor of 11154 and 4494048?
1014
Calculate the highest common divisor of 134 and 226393.
67
What is the greatest common factor of 216 and 134811360?
72
What is the highest common divisor of 19966 and 114436?
134
What is the highest common factor of 498 and 106761489?
249
What is the greatest common divisor of 664029 and 15219?
801
Calculate the highest common divisor of 104 and 31851112.
8
What is the highest common factor of 780 and 27780285?
195
Calculate the greatest common divisor of 1003 and 10686965.
1003
What is the greatest common factor of 35173674 and 330193?
5413
What is the highest common factor of 2789410 and 5?
5
What is the highest common divisor of 2517322 and 2?
2
Calculate the highest common factor of 251987 and 57151.
67
Calculate the highest common divisor of 113696 and 23944712.
1672
Calculate the greatest common divisor of 180 and 2837940.
60
Calculate the greatest common divisor of 125 and 18979900.
25
What is the highest common factor of 532500 and 1044375?
1875
Calculate the highest common divisor of 585338 and 81874.
1222
Calculate the greatest common factor of 64747065 and 62.
31
What is the highest common factor of 273 and 4704843?
39
Calculate the highest common factor of 2061 and 12976743.
687
Calculate the highest common divisor of 37137830 and 42790.
3890
What is the greatest common factor of 123024 and 10080978?
1398
What is the highest common factor of 160 and 327160040?
40
Calculate the highest common factor of 336954 and 24609.
1893
Calculate the greatest common factor of 19470922 and 1146.
382
Calculate the highest common factor of 307846 and 5621.
77
Calculate the highest common factor of 1261260 and 126945.
4095
Calculate the greatest common factor of 72 and 235634.
2
What is the highest common factor of 984712 and 43007?
1483
Calculate the greatest common divisor of 66041110 and 20680.
470
What is the highest common divisor of 892115487 and 522?
261
What is the greatest common factor of 520492 and 23717?
641
What is the greatest common factor of 46982250 and 27930?
3990
Calculate the greatest common factor of 241155 and 466.
233
What is the greatest common divisor of 66 and 32246148?
66
What is the highest common factor of 750 and 384822?
6
What is the highest common factor of 16461 and 4856832?
279
Calculate the greatest common divisor of 98230793 and 41.
41
What is the greatest common divisor of 1780037 and 77?
7
What is the highest common divisor of 224725 and 1759530?
445
What is the greatest common divisor of 198245664 and 108?
108
What is the greatest common factor of 23398896 and 48?
48
What is the highest common factor of 166599 and 1533417?
321
What is the greatest common factor of 17538 and 315166?
74
What is the highest common divisor of 2 and 334598?
2
Calculate the highest common factor of 425983242 and 6.
6
What is the greatest common divisor of 34927478 and 2806?
46
What is the highest common factor of 28249 and 2044793?
2173
What is the greatest common factor of 4311060 and 975?
195
Calculate the greatest common factor of 25 and 94841.
1
Calculate the highest common divisor of 506 and 270917230.
46
Calculate the greatest common factor of 63 and 15542198.
7
Calculate the greatest common factor of 7795 and 28590501.
1559
What is the highest common factor of 64197780 and 1020?
1020
What is the greatest common factor of 27 and 526170?
3
What is the greatest common factor of 70 and 108696910?
70
What is the greatest common factor of 4970 and 1277310?
10
What is the highest common factor of 209 and 44705157?
19
What is the highest common divisor of 10225082 and 56?
14
What is the highest common factor of 1452027 and 57831?
1563
What is the greatest common factor of 24 and 75034176?
24
What is the highest common divisor of 48112 and 2098576?
496
Calculate the highest common divisor of 280160 and 66640.
1360
What is the greatest common divisor of 556855 and 1755?
65
What is the highest common divisor of 17127685 and 1065?
355
What is the greatest common divisor of 5 and 20712955?
5
Calculate the greatest common factor of 1164947 and 393490.
361
Calculate the greatest common factor of 1349 and 3763.
71
What is the highest common divisor of 319531 and 1169151?
1847
What is the highest common factor of 313310 and 157510?
190
What is the greatest common factor of 2886022 and 39933?
493
Calculate the highest common factor of 23680882 and 2010.
134
Calculate the greatest common factor of 665832 and 33272.
8
What is the highest common factor of 9171226 and 26288?
3286
Calculate the highest common divisor of 60550981 and 111.
37
What is the greatest common factor of 1564670 and 150?
10
Calculate the greatest common divisor of 6624 and 37116.
36
Calculate the highest common divisor of 3725 and 16884025.
25
Calculate the highest common divisor of 2618 and 933317.
1309
Calculate the greatest common factor of 5376 and 323718528.
2688
What is the greatest common factor of 5750767 and 484?
121
What is the highest common factor of 132362 and 43510?
458
Calculate the greatest common factor of 80794 and 8848.
14
Calculate the greatest common divisor of 364 and 43280776.
28
What is the greatest common divisor of 2686 and 512907?
17
What is the highest common factor of 830 and 409742365?
415
Calculate the greatest common factor of 178 and 13628837.
89
Calculate the highest common divisor of 71701 and 45276.
7
Calculate the highest common divisor of 195209 and 92351.
553
What is the greatest common factor of 73373364 and 13680?
684
Calculate the highest common divisor of 200 and 12420210.
10
Calculate the greatest common divisor of 11136077 and 2044.
73
What is the highest common divisor of 68532670 and 890?
890
What is the highest common divisor of 133277950 and 1300?
650
Calculate the highest common factor of 2385 and 36437076.
477
Calculate the greatest common factor of 31066 and 3161758.
634
Calculate the greatest common divisor of 430 and 1707620.
10
Calculate the highest common factor of 2346134 and 686.
14
Calculate the greatest common divisor of 3042811 and 25223.
2293
What is the highest common divisor of 42418184 and 17632?
4408
Calculate the greatest common factor of 335617 and 3646489.
2059
Calculate the greatest common factor of 724 and 253175560.
724
Calculate the highest common factor of 53133145 and 65.
65
Calculate the greatest common divisor of 49413604 and 76.
76
Calculate the greatest common divisor of 3024 and 20589660.
756
Calculate the highest common divisor of 2112 and 927190.
22
What is the greatest common factor of 103488 and 4138176?
1344
Calculate the highest common factor of 816 and 30989436.
204
What is the greatest common factor of 14536 and 191496?
632
Calculate the highest common divisor of 1034326970 and 10.
10
What is the highest common divisor of 124 and 10346746?
62
What is the highest common factor of 5575 and 196463?
223
Calculate the greatest common factor of 20 and 53030.
10
Calculate the highest common divisor of 3105865490 and 595.
595
Calculate the greatest common factor of 204723 and 1591.
43
What is the greatest common divisor of 216 and 1670436?
108
Calculate the highest common divisor of 24206 and 86078398.
1862
What is the greatest common factor of 6542508 and 30156?
84
What is the greatest